{"id":3004,"date":"2024-07-01T11:15:04","date_gmt":"2024-07-01T09:15:04","guid":{"rendered":"http:\/\/wtwstore.com\/?post_type=product&#038;p=3004"},"modified":"2026-02-24T08:09:43","modified_gmt":"2026-02-24T07:09:43","slug":"itho-daalderop-hru-eco-300-heat-recovery-ventilation-hrv-wtw-2","status":"publish","type":"product","link":"https:\/\/wtwstore.com\/deutschland\/product\/brands\/itho-daalderop-brands\/itho-daalderop-hru-eco-300-heat-recovery-ventilation-hrv-wtw-2","title":{"rendered":"Itho Daalderop HRU ECO 300 WRG (L\u00fcftung mit W\u00e4rmer\u00fcckgewinnung)"},"content":{"rendered":"<p>Die HRU ECO 300 von Itho Daalderop mit einem geerdeten Stecker ist die installations- und wartungsfreundlichste WTW-Einheit ihrer Klasse und bietet mehrere Anschlussm\u00f6glichkeiten. Das einzigartige, platzsparende Design erm\u00f6glicht die Installation in einer Kniewand, was sie ideal f\u00fcr Renovierungen sowie Neubauten macht. Mit einer Effizienz von 91,2 % misst und regelt die Einheit ihren eigenen Luftstrom \u2013 auch w\u00e4hrend der Ausbalancierung. Sie wird standardm\u00e4\u00dfig mit Unterst\u00fctzung f\u00fcr die Zonierung \u00fcber das HRU ECO 300 DuoZone-Set (04-00123) geliefert.<\/p>","protected":false},"excerpt":{"rendered":"<p>The HRU ECO 300 from Itho Daalderop with a grounded plug is ideal for renovation and new construction, featuring 91.2% efficiency and support for DuoZone zoning. The unit self-regulates airflow and fits neatly into tight spaces like knee walls.<\/p>","protected":false},"featured_media":4512,"comment_status":"closed","ping_status":"closed","template":"","meta":{"_acf_changed":false,"_monsterinsights_skip_tracking":false,"_monsterinsights_sitenote_active":false,"_monsterinsights_sitenote_note":"","_monsterinsights_sitenote_category":0},"product_brand":[],"product_cat":[229,312,170,105],"product_tag":[169,178],"class_list":{"0":"post-3004","1":"product","2":"type-product","3":"status-publish","4":"has-post-thumbnail","6":"product_cat-itho-daalderop-hrv-units","7":"product_cat-itho-daalderop-brands","8":"product_cat-itho-daalderop","9":"product_cat-products","10":"product_tag-suitable-for-zoning","11":"product_tag-wtw-unit-300-plug-with-grounding","13":"first","14":"instock","15":"downloadable","16":"taxable","17":"shipping-taxable","18":"purchasable","19":"product-type-simple"},"acf":[],"yoast_head":"<!-- This site is optimized with the Yoast SEO plugin v27.0 - https:\/\/yoast.com\/product\/yoast-seo-wordpress\/ -->\n<title>Itho Daalderop HRU ECO 300 Heat Recovery Ventilation (HRV) | WTW Store<\/title>\n<meta name=\"description\" content=\"The Itho Daalderop HRU ECO 300 with grounded plug delivers 91.2% efficiency and supports DuoZone zoning. Ideal for compact installation.\" \/>\n<meta name=\"robots\" content=\"index, follow, max-snippet:-1, max-image-preview:large, max-video-preview:-1\" \/>\n<link rel=\"canonical\" href=\"https:\/\/wtwstore.com\/deutschland\/product\/brands\/itho-daalderop-brands\/itho-daalderop-hru-eco-300-heat-recovery-ventilation-hrv-wtw-2\" \/>\n<meta property=\"og:locale\" content=\"de_DE\" \/>\n<meta property=\"og:type\" content=\"article\" \/>\n<meta property=\"og:title\" content=\"Itho Daalderop HRU ECO 300 Heat Recovery Ventilation (HRV) | WTW Store\" \/>\n<meta property=\"og:description\" content=\"The Itho Daalderop HRU ECO 300 with grounded plug delivers 91.2% efficiency and supports DuoZone zoning. Ideal for compact installation.\" \/>\n<meta property=\"og:url\" content=\"https:\/\/wtwstore.com\/deutschland\/product\/brands\/itho-daalderop-brands\/itho-daalderop-hru-eco-300-heat-recovery-ventilation-hrv-wtw-2\" \/>\n<meta property=\"og:site_name\" content=\"WTW Store\" \/>\n<meta property=\"article:modified_time\" content=\"2026-02-24T07:09:43+00:00\" \/>\n<meta property=\"og:image\" content=\"https:\/\/wtwstore.com\/wp-content\/uploads\/2024\/07\/Itho-Daalderop-HRU-ECO-300-Heat-Recovery-Ventilation-HRV-WTW.jpg\" \/>\n\t<meta property=\"og:image:width\" content=\"1500\" \/>\n\t<meta property=\"og:image:height\" content=\"1500\" \/>\n\t<meta property=\"og:image:type\" content=\"image\/jpeg\" \/>\n<meta name=\"twitter:card\" content=\"summary_large_image\" \/>\n<meta name=\"twitter:label1\" content=\"Gesch\u00e4tzte Lesezeit\" \/>\n\t<meta name=\"twitter:data1\" content=\"1\u00a0Minute\" \/>\n<script type=\"application\/ld+json\" class=\"yoast-schema-graph\">{\"@context\":\"https:\/\/schema.org\",\"@graph\":[{\"@type\":\"WebPage\",\"@id\":\"https:\/\/wtwstore.com\/deutschland\/product\/brands\/itho-daalderop-brands\/itho-daalderop-hru-eco-300-heat-recovery-ventilation-hrv-wtw-2\",\"url\":\"https:\/\/wtwstore.com\/deutschland\/product\/brands\/itho-daalderop-brands\/itho-daalderop-hru-eco-300-heat-recovery-ventilation-hrv-wtw-2\",\"name\":\"Itho Daalderop HRU ECO 300 Heat Recovery Ventilation (HRV) | WTW Store\",\"isPartOf\":{\"@id\":\"https:\/\/wtwstore.com\/#website\"},\"primaryImageOfPage\":{\"@id\":\"https:\/\/wtwstore.com\/deutschland\/product\/brands\/itho-daalderop-brands\/itho-daalderop-hru-eco-300-heat-recovery-ventilation-hrv-wtw-2#primaryimage\"},\"image\":{\"@id\":\"https:\/\/wtwstore.com\/deutschland\/product\/brands\/itho-daalderop-brands\/itho-daalderop-hru-eco-300-heat-recovery-ventilation-hrv-wtw-2#primaryimage\"},\"thumbnailUrl\":\"https:\/\/wtwstore.com\/wp-content\/uploads\/2024\/07\/Itho-Daalderop-HRU-ECO-300-Heat-Recovery-Ventilation-HRV-WTW.jpg\",\"datePublished\":\"2024-07-01T09:15:04+00:00\",\"dateModified\":\"2026-02-24T07:09:43+00:00\",\"description\":\"The Itho Daalderop HRU ECO 300 with grounded plug delivers 91.2% efficiency and supports DuoZone zoning. Ideal for compact installation.\",\"breadcrumb\":{\"@id\":\"https:\/\/wtwstore.com\/deutschland\/product\/brands\/itho-daalderop-brands\/itho-daalderop-hru-eco-300-heat-recovery-ventilation-hrv-wtw-2#breadcrumb\"},\"inLanguage\":\"de\",\"potentialAction\":[{\"@type\":\"ReadAction\",\"target\":[\"https:\/\/wtwstore.com\/deutschland\/product\/brands\/itho-daalderop-brands\/itho-daalderop-hru-eco-300-heat-recovery-ventilation-hrv-wtw-2\"]}]},{\"@type\":\"ImageObject\",\"inLanguage\":\"de\",\"@id\":\"https:\/\/wtwstore.com\/deutschland\/product\/brands\/itho-daalderop-brands\/itho-daalderop-hru-eco-300-heat-recovery-ventilation-hrv-wtw-2#primaryimage\",\"url\":\"https:\/\/wtwstore.com\/wp-content\/uploads\/2024\/07\/Itho-Daalderop-HRU-ECO-300-Heat-Recovery-Ventilation-HRV-WTW.jpg\",\"contentUrl\":\"https:\/\/wtwstore.com\/wp-content\/uploads\/2024\/07\/Itho-Daalderop-HRU-ECO-300-Heat-Recovery-Ventilation-HRV-WTW.jpg\",\"width\":1500,\"height\":1500,\"caption\":\"Itho Daalderop HRU ECO 300 Heat Recovery Ventilation (HRV\/WTW)\"},{\"@type\":\"BreadcrumbList\",\"@id\":\"https:\/\/wtwstore.com\/deutschland\/product\/brands\/itho-daalderop-brands\/itho-daalderop-hru-eco-300-heat-recovery-ventilation-hrv-wtw-2#breadcrumb\",\"itemListElement\":[{\"@type\":\"ListItem\",\"position\":1,\"name\":\"Home\",\"item\":\"https:\/\/wtwstore.com\/\"},{\"@type\":\"ListItem\",\"position\":2,\"name\":\"Web-Shop\",\"item\":\"https:\/\/wtwstore.com\/pt\/ventilation-shop\"},{\"@type\":\"ListItem\",\"position\":3,\"name\":\"Itho Daalderop HRU ECO 300 Heat Recovery Ventilation (HRV\/WTW)\"}]},{\"@type\":\"WebSite\",\"@id\":\"https:\/\/wtwstore.com\/#website\",\"url\":\"https:\/\/wtwstore.com\/\",\"name\":\"WTW Store\",\"description\":\"\",\"publisher\":{\"@id\":\"https:\/\/wtwstore.com\/#organization\"},\"potentialAction\":[{\"@type\":\"SearchAction\",\"target\":{\"@type\":\"EntryPoint\",\"urlTemplate\":\"https:\/\/wtwstore.com\/?s={search_term_string}\"},\"query-input\":{\"@type\":\"PropertyValueSpecification\",\"valueRequired\":true,\"valueName\":\"search_term_string\"}}],\"inLanguage\":\"de\"},{\"@type\":\"Organization\",\"@id\":\"https:\/\/wtwstore.com\/#organization\",\"name\":\"WTW Store\",\"url\":\"https:\/\/wtwstore.com\/\",\"logo\":{\"@type\":\"ImageObject\",\"inLanguage\":\"de\",\"@id\":\"https:\/\/wtwstore.com\/#\/schema\/logo\/image\/\",\"url\":\"http:\/\/wtwstore.com\/wp-content\/uploads\/2025\/04\/wtwstore-thumbnail-01.jpg\",\"contentUrl\":\"http:\/\/wtwstore.com\/wp-content\/uploads\/2025\/04\/wtwstore-thumbnail-01.jpg\",\"width\":1500,\"height\":1500,\"caption\":\"WTW Store\"},\"image\":{\"@id\":\"https:\/\/wtwstore.com\/#\/schema\/logo\/image\/\"}}]}<\/script>\n<!-- \/ Yoast SEO plugin. -->","yoast_head_json":{"title":"Itho Daalderop HRU ECO 300 WRG (L\u00fcftung mit W\u00e4rmer\u00fcckgewinnung) | WTW Store","description":"Der Itho Daalderop HRU ECO 300 mit Schutzkontaktstecker bietet 91,2\u202f% Effizienz und unterst\u00fctzt DuoZone-Zonenregelung. Ideal f\u00fcr kompakte Installationen.","robots":{"index":"index","follow":"follow","max-snippet":"max-snippet:-1","max-image-preview":"max-image-preview:large","max-video-preview":"max-video-preview:-1"},"canonical":"https:\/\/wtwstore.com\/deutschland\/product\/brands\/itho-daalderop-brands\/itho-daalderop-hru-eco-300-heat-recovery-ventilation-hrv-wtw-2","og_locale":"de_DE","og_type":"article","og_title":"Itho Daalderop HRU ECO 300 Heat Recovery Ventilation (HRV) | WTW Store","og_description":"The Itho Daalderop HRU ECO 300 with grounded plug delivers 91.2% efficiency and supports DuoZone zoning. Ideal for compact installation.","og_url":"https:\/\/wtwstore.com\/deutschland\/product\/brands\/itho-daalderop-brands\/itho-daalderop-hru-eco-300-heat-recovery-ventilation-hrv-wtw-2","og_site_name":"WTW Store","article_modified_time":"2026-02-24T07:09:43+00:00","og_image":[{"width":1500,"height":1500,"url":"https:\/\/wtwstore.com\/wp-content\/uploads\/2024\/07\/Itho-Daalderop-HRU-ECO-300-Heat-Recovery-Ventilation-HRV-WTW.jpg","type":"image\/jpeg"}],"twitter_card":"summary_large_image","twitter_misc":{"Gesch\u00e4tzte Lesezeit":"1\u00a0Minute"},"schema":{"@context":"https:\/\/schema.org","@graph":[{"@type":"WebPage","@id":"https:\/\/wtwstore.com\/deutschland\/product\/brands\/itho-daalderop-brands\/itho-daalderop-hru-eco-300-heat-recovery-ventilation-hrv-wtw-2","url":"https:\/\/wtwstore.com\/deutschland\/product\/brands\/itho-daalderop-brands\/itho-daalderop-hru-eco-300-heat-recovery-ventilation-hrv-wtw-2","name":"Itho Daalderop HRU ECO 300 WRG (L\u00fcftung mit W\u00e4rmer\u00fcckgewinnung) | WTW Store","isPartOf":{"@id":"https:\/\/wtwstore.com\/#website"},"primaryImageOfPage":{"@id":"https:\/\/wtwstore.com\/deutschland\/product\/brands\/itho-daalderop-brands\/itho-daalderop-hru-eco-300-heat-recovery-ventilation-hrv-wtw-2#primaryimage"},"image":{"@id":"https:\/\/wtwstore.com\/deutschland\/product\/brands\/itho-daalderop-brands\/itho-daalderop-hru-eco-300-heat-recovery-ventilation-hrv-wtw-2#primaryimage"},"thumbnailUrl":"https:\/\/wtwstore.com\/wp-content\/uploads\/2024\/07\/Itho-Daalderop-HRU-ECO-300-Heat-Recovery-Ventilation-HRV-WTW.jpg","datePublished":"2024-07-01T09:15:04+00:00","dateModified":"2026-02-24T07:09:43+00:00","description":"Der Itho Daalderop HRU ECO 300 mit Schutzkontaktstecker bietet 91,2\u202f% Effizienz und unterst\u00fctzt DuoZone-Zonenregelung. Ideal f\u00fcr kompakte Installationen.","breadcrumb":{"@id":"https:\/\/wtwstore.com\/deutschland\/product\/brands\/itho-daalderop-brands\/itho-daalderop-hru-eco-300-heat-recovery-ventilation-hrv-wtw-2#breadcrumb"},"inLanguage":"de","potentialAction":[{"@type":"ReadAction","target":["https:\/\/wtwstore.com\/deutschland\/product\/brands\/itho-daalderop-brands\/itho-daalderop-hru-eco-300-heat-recovery-ventilation-hrv-wtw-2"]}]},{"@type":"ImageObject","inLanguage":"de","@id":"https:\/\/wtwstore.com\/deutschland\/product\/brands\/itho-daalderop-brands\/itho-daalderop-hru-eco-300-heat-recovery-ventilation-hrv-wtw-2#primaryimage","url":"https:\/\/wtwstore.com\/wp-content\/uploads\/2024\/07\/Itho-Daalderop-HRU-ECO-300-Heat-Recovery-Ventilation-HRV-WTW.jpg","contentUrl":"https:\/\/wtwstore.com\/wp-content\/uploads\/2024\/07\/Itho-Daalderop-HRU-ECO-300-Heat-Recovery-Ventilation-HRV-WTW.jpg","width":1500,"height":1500,"caption":"Itho Daalderop HRU ECO 300 Heat Recovery Ventilation (HRV\/WTW)"},{"@type":"BreadcrumbList","@id":"https:\/\/wtwstore.com\/deutschland\/product\/brands\/itho-daalderop-brands\/itho-daalderop-hru-eco-300-heat-recovery-ventilation-hrv-wtw-2#breadcrumb","itemListElement":[{"@type":"ListItem","position":1,"name":"Home","item":"https:\/\/wtwstore.com\/"},{"@type":"ListItem","position":2,"name":"Web-Shop","item":"https:\/\/wtwstore.com\/pt\/ventilation-shop"},{"@type":"ListItem","position":3,"name":"Itho Daalderop HRU ECO 300 Heat Recovery Ventilation (HRV\/WTW)"}]},{"@type":"WebSite","@id":"https:\/\/wtwstore.com\/#website","url":"https:\/\/wtwstore.com\/","name":"WTW Store","description":"","publisher":{"@id":"https:\/\/wtwstore.com\/#organization"},"potentialAction":[{"@type":"SearchAction","target":{"@type":"EntryPoint","urlTemplate":"https:\/\/wtwstore.com\/?s={search_term_string}"},"query-input":{"@type":"PropertyValueSpecification","valueRequired":true,"valueName":"search_term_string"}}],"inLanguage":"de"},{"@type":"Organization","@id":"https:\/\/wtwstore.com\/#organization","name":"WTW Store","url":"https:\/\/wtwstore.com\/","logo":{"@type":"ImageObject","inLanguage":"de","@id":"https:\/\/wtwstore.com\/#\/schema\/logo\/image\/","url":"http:\/\/wtwstore.com\/wp-content\/uploads\/2025\/04\/wtwstore-thumbnail-01.jpg","contentUrl":"http:\/\/wtwstore.com\/wp-content\/uploads\/2025\/04\/wtwstore-thumbnail-01.jpg","width":1500,"height":1500,"caption":"WTW Store"},"image":{"@id":"https:\/\/wtwstore.com\/#\/schema\/logo\/image\/"}}]}},"_links":{"self":[{"href":"https:\/\/wtwstore.com\/deutschland\/wp-json\/wp\/v2\/product\/3004","targetHints":{"allow":["GET"]}}],"collection":[{"href":"https:\/\/wtwstore.com\/deutschland\/wp-json\/wp\/v2\/product"}],"about":[{"href":"https:\/\/wtwstore.com\/deutschland\/wp-json\/wp\/v2\/types\/product"}],"replies":[{"embeddable":true,"href":"https:\/\/wtwstore.com\/deutschland\/wp-json\/wp\/v2\/comments?post=3004"}],"wp:featuredmedia":[{"embeddable":true,"href":"https:\/\/wtwstore.com\/deutschland\/wp-json\/wp\/v2\/media\/4512"}],"wp:attachment":[{"href":"https:\/\/wtwstore.com\/deutschland\/wp-json\/wp\/v2\/media?parent=3004"}],"wp:term":[{"taxonomy":"product_brand","embeddable":true,"href":"https:\/\/wtwstore.com\/deutschland\/wp-json\/wp\/v2\/product_brand?post=3004"},{"taxonomy":"product_cat","embeddable":true,"href":"https:\/\/wtwstore.com\/deutschland\/wp-json\/wp\/v2\/product_cat?post=3004"},{"taxonomy":"product_tag","embeddable":true,"href":"https:\/\/wtwstore.com\/deutschland\/wp-json\/wp\/v2\/product_tag?post=3004"}],"curies":[{"name":"wp","href":"https:\/\/api.w.org\/{rel}","templated":true}]}}